ultiple of 7?
False
Does 146 divide 5548?
True
Is 9240 a multiple of 56?
True
Is 1660 a multiple of 4?
True
Does 9 divide 13083?
False
Does 6 divide 24400?
False
Is 8316 a multiple of 22?
True
Is 39 a factor of 36664?
False
Does 12 divide 13341?
False
Is 8 a factor of 34410?
False
Is 10 a factor of 2470?
True
Does 3 divide 4479?
True
Is 322 a multiple of 7?
True
Does 16 divide 2432?
True
Is 29 a factor of 1650?
False
Is 173 a factor of 16608?
True
Is 37 a factor of 118400?
True
Is 6 a factor of 23544?
True
Is 4968 a multiple of 23?
True
Is 15749 a multiple of 23?
False
Is 6 a factor of 798?
True
Does 51 divide 68850?
True
Is 450 a multiple of 8?
False
Is 56017 a multiple of 31?
True
Is 2181 a multiple of 63?
False
Does 23 divide 115?
True
Does 25 divide 4425?
True
Is 3 a factor of 162?
True
Is 16 a factor of 672?
True
Is 62 a factor of 3162?
True
Is 924 a multiple of 77?
True
Is 35282 a multiple of 146?
False
Does 49 divide 4343?
False
Is 13 a multiple of 2?
False
Does 39 divide 8537?
False
Is 17304 a multiple of 12?
True
Is 25 a factor of 555?
False
Does 49 divide 4163?
False
Does 12 divide 1500?
True
Is 14 a factor of 4956?
True
Does 51 divide 3514?
False
Does 24 divide 10048?
False
Is 23 a factor of 1081?
True
Is 37 a factor of 8934?
False
Is 101 a multiple of 5?
False
Is 42 a factor of 851?
False
Is 48902 a multiple of 49?
True
Does 18 divide 1562?
False
Is 1357 a multiple of 3?
False
Is 649 a multiple of 24?
False
Is 911 a multiple of 47?
False
Is 152 a factor of 2299?
False
Is 33 a factor of 1348?
False
Is 20 a factor of 662?
False
Is 45 a multiple of 2?
False
Is 1030 a multiple of 52?
False
Does 53 divide 893?
False
Is 920 a multiple of 23?
True
Does 7 divide 18921?
True
Is 95 a factor of 32110?
True
Is 9 a factor of 3086?
False
Is 337 a multiple of 30?
False
Does 126 divide 87318?
True
Is 14 a factor of 4914?
True
Is 4446 a multiple of 4?
False
Is 53 a factor of 5196?
False
Is 146931 a multiple of 17?
True
Is 22 a factor of 9702?
True
Is 17 a factor of 17748?
True
Is 6987 a multiple of 17?
True
Is 572 a multiple of 6?
False
Does 32 divide 388?
False
Is 10 a factor of 480?
True
Is 323 a multiple of 11?
False
Is 6 a factor of 325?
False
Does 9 divide 878?
False
Does 11 divide 4532?
True
Is 33 a factor of 1551?
True
Is 114755 a multiple of 204?
False
Is 951 a multiple of 6?
False
Is 7350 a multiple of 15?
True
Is 1815 a multiple of 55?
True
Does 6 divide 1329?
False
Does 130 divide 6370?
True
Does 18 divide 7560?
True
Does 27 divide 30564?
True
Is 508 a multiple of 123?
False
Does 91 divide 3458?
True
Does 18 divide 2433?
False
Is 28457 a multiple of 13?
True
Does 15 divide 106?
False
Does 49 divide 686?
True
Is 3 a factor of 438?
True
Is 1491 a multiple of 21?
True
Is 7469 a multiple of 21?
False
Does 12 divide 8076?
True
Is 552 a multiple of 12?
True
Does 14 divide 1554?
True
Is 198 a multiple of 50?
False
Is 6380 a multiple of 55?
True
Does 26 divide 1280?
False
Does 13 divide 330?
False
Does 17 divide 28767?
False
Is 24 a factor of 14928?
True
Does 8 divide 648?
True
Is 13 a factor of 8810?
False
Is 1350 a multiple of 15?
True
Is 1296 a multiple of 24?
True
Is 10600 a multiple of 106?
True
Does 17 divide 2590?
False
Does 4 divide 124?
True
Is 89388 a multiple of 9?
True
Is 380 a multiple of 20?
True
Does 25 divide 4475?
True
Is 20 a factor of 8840?
True
Is 1014 a multiple of 33?
False
Does 10 divide 1782?
False
Is 21 a factor of 97325?
False
Is 5 a factor of 413?
False
Is 9968 a multiple of 14?
True
Is 1131 a multiple of 14?
False
Does 7 divide 1045?
False
Is 6450 a multiple of 15?
True
Is 372 a factor of 58964?
False
Is 33 a factor of 1519?
False
Is 62 a multiple of 2?
True
Is 51 a factor of 3213?
True
Does 18 divide 1864?
False
Is 41 a factor of 32308?
True
Is 42 a factor of 8885?
False
Is 22 a factor of 1122?
True
Is 125 a factor of 9250?
True
Is 25 a factor of 250?
True
Is 33 a factor of 11022?
True
Is 319 a multiple of 73?
False
Is 3 a factor of 2039?
False
Is 5 a factor of 345?
True
Is 4 a factor of 15980?
True
Is 337 a multiple of 7?
False
Is 21 a factor of 1512?
True
Is 32406 a multiple of 87?
False
Is 42 a factor of 5597?
False
Does 33 divide 511?
False
Is 2764 a multiple of 9?
False
Does 9 divide 17?
False
Does 22 divide 198?
True
Is 16 a factor of 1104?
True
Is 623 a multiple of 7?
True
Is 3966 a multiple of 131?
False
Does 62 divide 893?
False
Is 1377 a multiple of 6?
False
Is 30 a factor of 49846?
False
Is 2 a factor of 7364?
True
Is 630 a multiple of 72?
False
Does 5 divide 31860?
True
Does 17 divide 679?
False
Is 10 a factor of 46311?
False
Is 6963 a multiple of 11?
True
Does 7 divide 3328?
False
Is 22348 a multiple of 27?
False
Is 1062 a multiple of 59?
True
Is 4284 a multiple of 42?
True
Does 97 divide 815?
False
Is 8966 a multiple of 4?
False
Is 33058 a multiple of 10?
False
Does 241 divide 41967?
False
Is 50 a factor of 48350?
True
Is 3475 a multiple of 13?
False
Is 109 a factor of 12172?
False
Is 103025 a multiple of 65?
True
Is 30856 a multiple of 54?
False
Is 190 a multiple of 34?
False
Is 8 a factor of 8346?
False
Is 7 a factor of 1308?
False
Is 2173 a multiple of 41?
True
Is 3 a factor of 24522?
True
Does 19 divide 61332?
True
Does 40 divide 1280?
True
Is 15081 a multiple of 21?
False
Is 439 a multiple of 11?
False
Does 6 divide 1173?
False
Is 5428 a multiple of 41?
False
Is 498 a multiple of 13?
False
Is 711 a multiple of 19?
False
Is 305 a multiple of 12?
False
Is 12508 a multiple of 32?
False
Is 5 a factor of 1313?
False
Is 5 a factor of 226?
False
Is 6 a factor of 430?
False
Is 5618 a multiple of 29?
False
Is 16 a factor of 5776?
True
Does 7 divide 14175?
True
Does 31 divide 1981?
False
Is 83 a factor of 7639?
False
Is 3357 a multiple of 9?
True
Does 39 divide 149?
False
Is 10 a factor of 769?
False
Is 364 a multiple of 91?
True
Is 246 a multiple of 4?
False
Does 49 divide 11817?
False
Does 8 divide 400?
True
Is 3693 a multiple of 48?
False
Is 9 a factor of 27?
True
Is 418 a multiple of 38?
True
Is 37 a multiple of 12?
False
Is 270 a factor of 20790?
True
Is 4 a factor of 2728?
True
Does 87 divide 54119?
False
Is 2090 a multiple of 49?
False
Does 48 divide 672?
True
Is 13 a factor of 182?
True
Is 55 a multiple of 5?
True
Does 15 divide 836?
False
Is 8400 a multiple of 100?
True
Is 11 a factor of 5676?
True
Is 51 a factor of 306?
True
Is 15 a factor of 41715?
True
Is 121 a factor of 2658?
False
Is 21 a factor of 1768?
False
Is 958 a multiple of 22?
False
Is 304 a multiple of 16?
True
Does 15 divide 463?
False
Is 86 a factor of 15136?
True
Is 17 a factor of 255?
True
Is 3 a factor of 159?
True
Is 14 a factor of 2823?
False
Is 3223 a multiple of 41?
False
Is 45 a factor of 1199?
False
Does 36 divide 16109?
False
Is 3 a factor of 1011?
True
Is 17 a factor of 1428?
True
Is 63000 a multiple of 90?
True
Does 9 divide 265?
False
Is 11 a factor of 5690?
False
Is 40 a factor of 4280?
True
Is 13 a factor of 110020?
False
Does 227 divide 67192?
True
Is 42 even?
True
Does 12 divide 6816?
True
Is 24 a factor of 600?
True
Is 3 a factor of 125?
False
Does 9 divide 3375?
True
Is 40 a factor of 608?
False
Is 15 a factor of 7591?
False
Is 49 a factor of 798?
False
Is 5 a factor of 42920?
True
Is 8 a factor of 9167?
False
Is 12 a factor of 3755?
False
Is 47 a factor of 2247?
False
Is 37604 a multiple of 34?
True
Is 112 a factor of 44800?
True
Does 84 divide 44286?
False
Does 3 divide 1297?
False
Is 7 a factor of 3448?
False
Is 94 a factor of 1222?
True
Does 15 divide 68?
False
Does 19 divide 91049?
False
Is 104148 a multiple of 33?
True
Does 126 divide 68568?
False
Is 21710 a multiple of 13?
True
Is 28733 a multiple of 17?
False
Is 9 a factor of 471?
False
Is 26 a factor of 263?
False
Is 40 a factor of 4840?
True
Is 25035 a multiple of 54?
False
Does 185 divide 98975?
True
Does 152 divide 24472?
True
Does 24 divide 6720?
True
Does 40 divide 2442?
False
Does 39 divide 16887?
True
Is 11 a factor of 1948?
False
Does 15 divide 1134?
False
Is 1968 a multiple of 16?
True
Is 43039 a multiple of 137?
False
Does 5 divide 2595?
True
Is 1668 a multiple of 12?
True
Is 92 a factor of 11960?
True
Does 19 divide 42459?
False
Does 9 divide 1341?
True
Does 4 divide 1081?
False
Is 14931 a multiple of 15?
False
Does 40 divide 1280?
True
Is 